when 43 is divided by f.
10
Suppose 0 = -d + 2*r, -5*d + 55 = 2*r + 19. Suppose 124 = 3*t + t. Suppose 4*s - x = t, s = d*s - 3*x - 44. Calculate the remainder when s is divided by 4.
3
Suppose 0 = -d + 116 - 108. Calculate the remainder when 55 is divided by d.
7
Let n(a) be the third derivative of -5*a**4/24 + a**2. Suppose 6*c + 12*c = 702. What is the remainder when c is divided by n(-2)?
9
Let i = 8 + 11. Let l(q) = 4*q - 8. What is the remainder when l(11) is divided by i?
17
Let d be ((-46)/(-3) + 4)*3. Suppose 4*r - 2*r + 71 = 3*h, 2*h = -4*r + d. What is the remainder when 48 is divided by h?
23
Calculate the remainder when 70 is divided by (-130)/(-15)*1*9/6.
5
Suppose 2*k - 185 = -17. Suppose 6*d - 96 = k. What is the remainder when d is divided by 8?
6
Let n = 4 - 4. Suppose -x + 18 + 8 = n. Calculate the remainder when x is divided by 7.
5
Let j(f) = -7*f + f + 2 - 1 - 2*f. Calculate the remainder when j(-2) is divided by 10.
7
Suppose -5*w + 7 = 17. Let j = 1 - w. Suppose -5 - 3 = -p. Calculate the remainder when p is divided by j.
2
Let b(q) = q**3 - 5*q**2 - 6*q + 2. Let j be b(6). Let d(x) = 3 + 2*x - 3*x + 11*x**2 - j. Calculate the remainder when 32 is divided by d(1).
10
Suppose -4*u = -u - 48. Let a(b) = 1 + 7*b**2 - 6 - 6*b**3 + 2*b**3 + 3*b**3. Calculate the remainder when a(6) is divided by u.
15
What is the remainder when 12 is divided by (-1)/4 + (-594)/(-72)?
4
Suppose 0 = 3*b - b - 56. Calculate the remainder when b is divided by 10 - (0 + -2 + 2).
8
Suppose 0 = -3*j + 2*j + 9. Suppose j*f = 4*f + 80. Let r = -23 - -53. What is the remainder when r is divided by f?
14
Suppose 0*g + 2*g - 6 = 0, -32 = -5*h - 4*g. Suppose h*j + 5*i = 189 + 11, -5*i = -5*j + 295. What is the remainder when j is divided by 19?
17
Suppose -7 = -5*i + 13. Let h be (-235)/(-10) - (-1)/(-2). What is the remainder when i is divided by (-2)/7 - h/(-7)?
1
Let q(p) = 2*p - 6. Let f be q(4). Let b = f - -9. Calculate the remainder when b is divided by 4.
3
Suppose -3*n = 5*d + 5, 0*d + 17 = 5*n + 2*d. Let l be (-8)/(-12) + 164/6. What is the remainder when l/(-3)*(-12)/8 is divided by n?
4
Suppose 244 = 5*n - 131. Let l = -9 - -35. Calculate the remainder when n is divided by l.
23
Let j = -16 + 41. Suppose -201 = 5*q - 566. Calculate the remainder when q is divided by j.
23
Suppose 0 = -3*g - 4*b + 37, -2*g = 3*b - 8*b - 17. Suppose g + 36 = u. Calculate the remainder when u is divided by 24.
23
Suppose 0 = -9*f + 5*f + 36. Calculate the remainder when 35 is divided by f.
8
Let x(z) = z + 4. What is the remainder when -124*(4 - (-51)/(-12)) is divided by x(4)?
7
Let s = -6 - -34. Suppose -4*n = -0*n - s. What is the remainder when 27 is divided by n?
6
Let k(g) = 25*g**2. Let q(r) = -r - 8. Let s be q(-7). Calculate the remainder when k(s) is divided by 13.
12
Let z = -5 + 8. What is the remainder when 11 is divided by z?
2
Suppose 5*f + 6*w = 3*w + 19, 2*f = -w + 7. Suppose -5*z - 5 = -4*z. What is the remainder when f is divided by z/(-20) + 3/4?
0
Suppose 0 = c - 2*t + 1, -6*c + c = -5*t + 30. Let r(a) = a**2 + 3*a - 6. Calculate the remainder when (-2)/c - (-1915)/55 is divided by r(-6).
11
Let c = -118 + 78. Let r = c - -95. Calculate the remainder when r is divided by 19.
17
Suppose -4*v - 5*i = -0*v + 1, -3*i = 3*v. Calculate the remainder when v - -29 - (-1 + 1) is divided by 11.
8
Suppose -12 = -4*j - 0, 4*n - j - 113 = 0. Suppose -4*t = 0, -3*q = -7*q + 4*t + 60. Calculate the remainder when n is divided by q.
14
Suppose -28*u = -26*u - 16. What is the remainder when 14 is divided by u?
6
Let i = 1 - -1. Suppose -3*u - i*v = 3*v - 60, 3*v + 109 = 4*u. Suppose g = 2*k - 16, g - 1 + 3 = 0. What is the remainder when u is divided by k?
4
Let w = 316 + -188. Suppose 4*l - t - 79 = 27, t - w = -5*l. Suppose -b = -7*d + 2*d - l, 23 = 3*b - 4*d. Calculate the remainder when 2 is divided by b.
0
Let p be 28*(14/8 - 0). Suppose 3*a - m = 8, -5*m + 9 + 2 = 2*a. Suppose p = a*j - 2*j. Calculate the remainder when j is divided by 17.
15
Suppose -3*k = 5*o - 65, -5*o + 26 = -3*o - 2*k. What is the remainder when 22 is divided by o?
9
Calculate the remainder when 1/(3/(-408)*-2) is divided by 23.
22
Let s(o) = 7*o**3 - o**2. Let m = 2 - 1. Calculate the remainder when m + -1 - (-7 + -9) is divided by s(1).
4
Let n(y) be the first derivative of y**4/4 + 8*y**3/3 + 3*y**2 - 6*y - 2. What is the remainder when n(-5) is divided by (-12)/(-30) + (-68)/(-5)?
11
Let d(c) = c**3 + 14*c**2 - 17*c - 13. Calculate the remainder when 30 is divided by d(-15).
13
Let z(r) = r**2 + 2*r + 50. Calculate the remainder when 197 is divided by z(0).
47
Suppose 3*h - 6 = 2*h. What is the remainder when 21 is divided by h?
3
Suppose -3*l + 2*p = -l, p = -3*l. Suppose -6*h - 54 = -8*h. Suppose d + 3 + 2 = l, -2*z = d - h. What is the remainder when z is divided by 9?
7
Suppose -795 = -12*q + 7*q. Let n = q + -42. Calculate the remainder when n is divided by 30.
27
Let z = -148 - -266. What is the remainder when z is divided by 24?
22
Let b = -29 - -43. Calculate the remainder when 41 is divided by b.
13
Let h = -283 + 490. What is the remainder when h is divided by 14?
11
Suppose -6*z + 2*z - 28 = 0. Let x(j) = j**2 + 4*j - 10. Calculate the remainder when 63 is divided by x(z).
8
What is the remainder when (116/6)/((-38)/(-57)) is divided by 15?
14
Suppose -43 = -8*a + 21. What is the remainder when 19 is divided by a?
3
Let v(y) = 14*y**2 - y**2 + 6*y**2 + y + 1. Let b = -38 + 74. Calculate the remainder when b is divided by v(-1).
17
Let y = -8 - -5. Suppose 0 = -2*s + 5 + 1. Calculate the remainder when y/((-45)/(-12))*-10 is divided by s.
2
Suppose 2*f + f = 0. Suppose 3*t - 2 = r + 1, -2*t - 11 = -5*r. Suppose f*a - r*a + 39 = 0. Calculate the remainder when a is divided by 7.
6
Suppose -3*a + 2*a - 4*i + 19 = 0, 2*a + 5*i = 26. Suppose g = a*p + 54, 0*g + 5*p = -g + 54. Calculate the remainder when g is divided by 14.
12
Let h be ((-1)/2)/((-7)/(-14)). Calculate the remainder when 21 is divided by (-1 - 3)*(-3 - h).
5
Let z = 56 - 33. Calculate the remainder when 91 is divided by z.
22
Suppose 20 = -0*i - 4*i. Let y(m) = -5*m + 3. Let t(l) = -l**3 - 6*l**2 - 3*l - 8. What is the remainder when y(i) is divided by t(-6)?
8
Suppose 0 = 3*n + r - 46, n + n + 3*r = 33. Let t = 1 + 8. What is the remainder when n is divided by t?
6
Let b = 14 - -5. Let u = -7 + 11. Calculate the remainder when b is divided by 4/(-3)*(-30)/u.
9
Calculate the remainder when (-8)/(-2) - (155/(-5) + -8) is divided by 16.
11
Suppose f + 2*w - 6 = 0, -5*w + 7 = 2*f - 6. What is the remainder when 15 is divided by f?
3
Let o(j) = 33*j - 1. Let b be -2 - ((1 - -1) + -5). Suppose -5*q + 34 = -3*q. Calculate the remainder when o(b) is divided by q.
15
Suppose -5*y + 53 = -2*y - h, 5*y = 2*h + 89. What is the remainder when 184 is divided by y?
14
Suppose -69 + 1 = -2*n. Let h = 2 + n. Calculate the remainder when h is divided by 13.
10
Suppose 0 = -4*y + 261 + 619. Suppose 53 = 4*g - 2*n - 121, -5*g + 5*n = -y. What is the remainder when g is divided by 23?
20
Let x(k) = -2*k**3 - 3*k**2 - k + 3. Let r be x(-3). Let w = r - -26. What is the remainder when w is divided by 20?
19
Let c be 2/(-4)*(-30)/3. Suppose c*n = 4*n + 46. Calculate the remainder when n is divided by 12.
10
Suppose -2*v = 3*v + 10. Let q(p) = -p**3 - 2*p**2 + 2. Let y be q(v). Suppose -y*l = -0*l - 8. What is the remainder when 11 is divided by l?
3
Suppose 3*q = w + 19, q = 2*w + 4 - 6. Calculate the remainder when 22 is divided by q.
6
Let l = 8 - 8. Suppose l = -2*b - 2*b + 28. Suppose 15 = 3*g - 21. Calculate the remainder when g is divided by b.
5
Let u(b) = b**2 + 2. Let q be u(0). Let c = q - -14. Calculate the remainder when c is divided by 9.
7
Let i(g) = -6*g + 4. Calculate the remainder when 55 is divided by i(-4).
27
Let n(q) = -5*q + 8. Let y(w) = -6*w + 9. Let j(r) = -5*n(r) + 4*y(r). What is the remainder when 3 + (-1)/(1 - 0) is divided by j(6)?
0
Calculate the remainder when 1/((5 + -1)*(-13)/(-3692)) is divided by 36.
35
What is the remainder when 33 is divided by (-35)/(-3) + (-5)/(-15)?
9
Suppose -n = n - 10. Suppose 5*f + 3*x = 259, -3*x + 194 = 4*f - n*x. Suppose 2*o + 3*o - f = 0. Calculate the remai